{"id":9,"date":"2014-06-17T17:07:54","date_gmt":"2014-06-17T17:07:54","guid":{"rendered":"http:\/\/amerclub.com\/escueladeingles\/?page_id=9"},"modified":"2014-08-26T22:19:09","modified_gmt":"2014-08-27T03:19:09","slug":"empresas","status":"publish","type":"page","link":"https:\/\/amerclub.com\/escueladeingles\/especiales\/empresas\/","title":{"rendered":"Empresas"},"content":{"rendered":"<p style=\"text-align: justify;\">En el AMERICAN ENGLISH CLUB estamos en condiciones de ofrecer los m\u00e1s efectivos cursos empresariales.<br \/>\nRegularmente los impartimos en nuestras instalaciones, pero si prefiere lo podemos hacer en su empresa, ya sea en grupos o de manera individual y con muy aceptable flexibilidad de horarios. Previa entrevista y evaluaci\u00f3n, optimizamos los grupos de trabajo en cuanto a nivel, contenidos, n\u00famero de integrantes, etc. para conseguir los mejores resultados en el m\u00e1s corto plazo.<\/p>\n<p style=\"text-align: justify;\">P\u00f3ngase<strong><a title=\"Contacto\" href=\"http:\/\/amerclub.com\/escueladeingles\/contacto\/\"> en contacto<\/a> <\/strong>con nosotros.<\/p>\n","protected":false},"excerpt":{"rendered":"<p>En el AMERICAN ENGLISH CLUB estamos en condiciones de ofrecer los m\u00e1s efectivos cursos empresariales. Regularmente los impartimos en nuestras instalaciones, pero si prefiere lo podemos hacer en su empresa, ya sea en grupos o de manera individual y con &hellip; <a href=\"https:\/\/amerclub.com\/escueladeingles\/especiales\/empresas\/\">Continued<\/a><\/p>\n","protected":false},"author":1,"featured_media":0,"parent":156,"menu_order":0,"comment_status":"closed","ping_status":"closed","template":"","meta":{"kt_blocks_editor_width":""},"kb_featured_image_src_large":false,"kb_author_info":{"display_name":"admin","author_link":"https:\/\/amerclub.com\/escueladeingles\/author\/admin\/","author_image":"https:\/\/secure.gravatar.com\/avatar\/fccfe3b752fc514b34d218794eeefff3?s=96&d=mm&r=g"},"kb_comment_info":0,"_links":{"self":[{"href":"https:\/\/amerclub.com\/escueladeingles\/wp-json\/wp\/v2\/pages\/9"}],"collection":[{"href":"https:\/\/amerclub.com\/escueladeingles\/wp-json\/wp\/v2\/pages"}],"about":[{"href":"https:\/\/amerclub.com\/escueladeingles\/wp-json\/wp\/v2\/types\/page"}],"author":[{"embeddable":true,"href":"https:\/\/amerclub.com\/escueladeingles\/wp-json\/wp\/v2\/users\/1"}],"replies":[{"embeddable":true,"href":"https:\/\/amerclub.com\/escueladeingles\/wp-json\/wp\/v2\/comments?post=9"}],"version-history":[{"count":5,"href":"https:\/\/amerclub.com\/escueladeingles\/wp-json\/wp\/v2\/pages\/9\/revisions"}],"predecessor-version":[{"id":290,"href":"https:\/\/amerclub.com\/escueladeingles\/wp-json\/wp\/v2\/pages\/9\/revisions\/290"}],"up":[{"embeddable":true,"href":"https:\/\/amerclub.com\/escueladeingles\/wp-json\/wp\/v2\/pages\/156"}],"wp:attachment":[{"href":"https:\/\/amerclub.com\/escueladeingles\/wp-json\/wp\/v2\/media?parent=9"}],"curies":[{"name":"wp","href":"https:\/\/api.w.org\/{rel}","templated":true}]}}